or of 28 and r?
28
Suppose 4*t - 111 - 25 = 0. What is the highest common factor of 34 and t?
34
Let g = -48 + 34. Let t = g + 23. Suppose 4*h - 94 = 86. Calculate the greatest common factor of h and t.
9
Suppose -5*m = -4*k + 360, -3*k + 6 = m + 59. Let l = 104 + m. Let t = -1 + 19. Calculate the greatest common factor of l and t.
18
Let m(o) = -o**3 - 3*o**2 + 17*o + 17. Let c be m(-6). What is the greatest common divisor of 161 and c?
23
Let d = 361 - 196. What is the highest common divisor of d and 15?
15
Let f = 60 + -43. What is the greatest common factor of f and 153?
17
Let m be -1*1 + 12/(-6). Let y be (3 + 11)/(m/(-18)). What is the greatest common factor of 12 and y?
12
Suppose -3*w = 4*o - 421, 5*o - 12 = 2*o. Suppose 2*p - w = -3*p. Calculate the greatest common factor of 9 and p.
9
Suppose 2*v - 25 + 5 = 0. Suppose 12 = 4*o + 2*j, 12 = o - 3*j - j. What is the highest common factor of o and v?
2
Suppose 3*n + 2*n = 60. Let o(u) = 2*u**2 - 29*u + 33. Let j be o(15). What is the highest common divisor of j and n?
12
Let c be (34/4)/(3/18). Let h be c*(1/(-1) - -7). Suppose -3*l - 90 = -h. What is the highest common factor of 8 and l?
8
Let j(c) = c**2 - c - 5. Let i be j(7). Let a = 89 - i. What is the highest common divisor of a and 13?
13
Let q(k) = k**3 - 11*k**2 + 13*k - 17. Let h be q(10). Calculate the highest common factor of 13 and h.
13
Suppose -3*u + 78 = 3*w - 0*u, 5*w = u + 124. What is the greatest common divisor of w and 75?
25
Let f = 25 - -80. Calculate the greatest common factor of f and 15.
15
Let d = 1 + -6. Let l be (-65)/26*4/d. Calculate the highest common factor of 3 and l.
1
Let q(u) = 7*u + 2. Let r be q(2). Let w be 4*1/1*r. What is the highest common divisor of w and 16?
16
Let y be (1 - 5)*1/(-2). Let s = 0 + y. Suppose j + s*j = 66. What is the highest common factor of j and 198?
22
Let s be (-1)/(-4) + (-6)/(-8). Let z(q) = 3*q**3 + 5*q**2 - 2*q - 3. Let i be z(-1). What is the highest common divisor of s and i?
1
Let h be 6*(0 - -3 - 4). Let z = h - -15. Suppose 5*m + t - 402 = 0, 2*t = 4*m - 102 - 228. Calculate the highest common divisor of m and z.
9
Let t = -10 + 8. Let w be 9/6 - 109/t. Calculate the highest common divisor of w and 8.
8
Let h(d) = 2*d - 7. Let w be h(6). Suppose l = 5*l. Suppose l = -2*m + 12 + 38. Calculate the greatest common factor of m and w.
5
Suppose -l + 14 = -10. What is the greatest common factor of 264 and l?
24
Let n(j) = -3*j**3 + 2*j**2 + 2*j + 2. Let z be n(-2). Let g = 15 + -16. Let k be (-26)/(-2) - (g + 2). Calculate the highest common divisor of k and z.
6
Suppose -21*y = -17*y - 36. What is the highest common factor of 81 and y?
9
Suppose 2*z - 221 = -5*f, 0*z = -2*z + 5*f + 211. What is the greatest common divisor of 12 and z?
12
Let d(m) = -m**3 + 9*m**2 + 12*m - 15. Let h be d(10). Calculate the greatest common divisor of 45 and h.
5
Suppose 3*c = -c - 36. Let g(d) = -d + 22. Let z be g(0). Let o = z + c. What is the greatest common divisor of 13 and o?
13
Suppose 0 = 5*l + l - 66. Calculate the greatest common divisor of l and 22.
11
Suppose 2*l + 14 - 204 = 0. Let f = l - 30. Let j be (-1572)/(-60) + (-2)/10. Calculate the highest common divisor of j and f.
13
Let h = -51 + 59. What is the highest common factor of 56 and h?
8
Let c(b) be the third derivative of b**4/8 + 4*b**3/3 - 3*b**2. Let v be c(-6). Let s be (v/(-15))/((-1)/(-24)). What is the highest common divisor of s and 4?
4
Let m = -12 - -13. What is the greatest common factor of 1 and m?
1
Suppose 13 = 3*u - 23. Let m(i) = -i**3 - 2*i**2 - i + 2. Let s be m(-4). Let q = 10 + s. What is the highest common divisor of q and u?
12
Suppose -3*s = -0*s - 6. Suppose y - 55 = -4*x + 2*x, -5*y + 287 = -s*x. What is the highest common divisor of y and 38?
19
Suppose 0 = 23*q - 346 - 137. What is the highest common divisor of q and 35?
7
Suppose -6 - 10 = 4*r. Let i be r/3*(-2 + -82). Calculate the highest common factor of 14 and i.
14
Suppose -2 = -2*j + 38. Suppose 3*h + 0*l = -5*l + 50, 5*h - 30 = 5*l. Calculate the greatest common divisor of j and h.
10
Suppose -4*p + o = 6*o - 68, -p - o + 18 = 0. What is the highest common divisor of 11 and p?
11
Suppose r - 2*k + 7 = 0, 0*k = -k - 3. Let c = 28 + r. What is the greatest common divisor of c and 75?
15
Let a(z) = -19*z**2 + 1. Let k be a(1). Let w be (-20)/3*k/4. Let h = -35 - -47. Calculate the greatest common divisor of h and w.
6
Let p = -6 - -5. Let r = 0 - p. Let w(h) = 12*h**2 + 2*h - 1. Let c be w(r). What is the greatest common factor of 65 and c?
13
Let a(o) = -4 + 2*o - 4 - 4*o. Let i be a(-6). Suppose 0 = 4*l - r - 12, 4*l - 5 - 3 = 2*r. What is the greatest common divisor of i and l?
4
Let u = 93 + -76. What is the greatest common divisor of 17 and u?
17
Let c be (4/(-6))/((-2)/3). What is the greatest common factor of c and 9?
1
Suppose 69 = 2*n - 219. Suppose -2*k = -5*k + 54. Calculate the greatest common factor of n and k.
18
Suppose -3*m = m + 3*w - 2064, -3*m + 1559 = 5*w. Suppose -m = -3*l - 0*l. Let p = 0 - -19. What is the highest common factor of l and p?
19
Suppose 8 = 5*r - 7. Suppose 0 = -3*o + 2*s + 53, -r*o - s + 33 = 2*s. Let b be (-2 + -1)*(-25 + 0). Calculate the highest common factor of b and o.
15
Let a be (-6)/(-14) - 14526/(-63). What is the highest common factor of 21 and a?
21
Let a(b) = 8*b**2 + 2*b + 1. Let g be a(-1). What is the greatest common factor of g and 7?
7
Let c(m) = 7*m**3 + 1. Let s be c(1). Suppose w = j + 12, 4*w = -j - s + 66. Calculate the highest common divisor of w and 28.
14
Let f be -1 + (123 - 2) + 0. Let b(t) = 3*t**3 + 4*t**2 + 2*t + 2. Let u be b(-3). Let h be u/(-4) - 1/4. Calculate the highest common factor of f and h.
12
Let i(g) = -2*g**3 + 5*g + 4*g**3 - 2*g**2 + 3*g**3 - 3*g. Let p be i(2). What is the greatest common divisor of 9 and p?
9
Let m(w) = 11*w**2 - 3*w - 2. Let q be m(-1). Calculate the greatest common divisor of q and 30.
6
Suppose -4*g = -2*c + 48, -3*c = c + 5*g - 70. Calculate the highest common factor of c and 70.
10
Let q(m) = -m**2 - m + 48. Let r be q(0). Suppose -d - 3*f = 2*d + 3, -5*d = 4*f. Suppose -d*i = -6*i + 64. Calculate the greatest common factor of r and i.
16
Let o be 0 + 5 - (0 + (-3 - 0)). Suppose -4*m = p - 20, p - m + 4*m - 15 = 0. Suppose p*s + 12 = s. What is the highest common factor of o and s?
4
Suppose 105 = 4*p - 359. What is the greatest common factor of p and 29?
29
Let s(p) = -p**3 - 4*p**2 - 4. Let r be s(-4). Let n be 790/8 + (-1)/r. What is the greatest common factor of n and 9?
9
Let t be (3/(-2))/((-6)/8). Suppose -n - 5*s = -120, -2*n - 5*s + 480 = 2*n. Suppose g = t*g - n. What is the greatest common factor of 15 and g?
15
Let g(c) = c + 6. Let y be g(8). Suppose -5*d - y = 76. Let w = -10 - d. What is the greatest common factor of 2 and w?
2
Suppose -2*g = -2 - 28. Let l be 2/5 - (-534)/g. Suppose 0 = -3*m - 0*m + l. Calculate the greatest common divisor of m and 30.
6
Let x be 14*(-1)/(2/(-3)). Calculate the highest common divisor of 7 and x.
7
Suppose -q - 3*o - 99 = -2*q, 0 = -2*q - 5*o + 242. Let j = -66 + q. Let c be 6*(1/2 - -2). Calculate the greatest common divisor of j and c.
15
Suppose -3*j + 5 = h, -2*j = h - 6*j - 19. Suppose -5*y + 536 = -69. What is the highest common factor of y and h?
11
Let w = 377 - 225. Let f be -1 - (0 + (-20)/1). Calculate the highest common factor of f and w.
19
Let u be 108*-1*(-4)/2. Let j be u/4 - (-2)/(-1). Suppose 6*h - j = 4*h. Calculate the greatest common factor of 39 and h.
13
Suppose 0 = 5*c - 13 - 2. Suppose -190 = -0*a - c*a + 2*l, 4*a - l = 245. Calculate the highest common factor of 20 and a.
20
Suppose 9 = -0*j + 3*j. Suppose h = j*h - 2. What is the greatest common factor of h and 3?
1
Let x(q) = -12*q - 21. Let r be x(-6). What is the highest common divisor of 153 and r?
51
Suppose p + 54 = 4*a, -5*a + 3*p = -2*p - 75. Let l(d) = -d**3 + 10*d**2 - 3*d. Let m be l(8). Calculate the greatest common factor of m and a.
13
Let l be -20*-3*(-2)/(-5). Let f = 54 - -6. What is the greatest common divisor of f and l?
12
Let a(h) = 2*h**2. Let m be a(5). Let p = 48 + -45. Suppose p*k + 2*k = m. What is the highest common divisor of k and 5?
5
Let c(y) = y**3 + 2*y**2 + 0*y**3 - 5